q - 11)?
9
Let h(c) = 17460*c**3 + c**2 - 109*c + 109. What is the tens digit of h(1)?
6
Let j = -6208 - -9573. What is the thousands digit of j?
3
Let u(p) = 734*p - 164. What is the units digit of u(3)?
8
Let b(u) = u**2 - 123*u - 1256. What is the ten thousands digit of b(-86)?
1
Suppose -2*r - 3*v + 9555 = 0, -3*r + 9503 + 4831 = 4*v. Suppose -9*u + r = 777. What is the hundreds digit of u?
4
Suppose 2*y + q = 15, -22 = -3*y - 3*q + 5. Let o(a) = a**2 - 2*a - 27. Let t be o(21). Suppose 0*i + y*i = t. What is the tens digit of i?
6
Let p = 29 - 24. Let y be p/(15/3)*-1. Let k(n) = -23*n**3 - 1. What is the tens digit of k(y)?
2
Suppose -m = 2, 3*m + 2*m = 5*c - 5940. Let u be c*(-5)/10*(-1)/1. Suppose -3*r + 5*b + u = 0, 947 = -r + 6*r + 2*b. What is the tens digit of r?
9
Let g = -48110 - -85477. What is the ten thousands digit of g?
3
Let j(z) = 90*z**2 - 481*z - 3. What is the thousands digit of j(-4)?
3
Let u = 96 + -93. Let k be 492/36 - 2/u. Suppose 0 = w - 21 - k. What is the tens digit of w?
3
Suppose 0 = 10*d - 14*d + 12. Suppose d - 27 = -6*s. Suppose 24 = q + y - 60, 4*y + 344 = s*q. What is the units digit of q?
5
Suppose 1435605 = 39*o - 341196. What is the hundreds digit of o?
5
Let t(z) = z**2 - 2*z + 3. Let a be t(2). Let x(c) = 5*c**2 - 5*c + 4. Let m be x(a). Suppose 0 = 2*j + 2 - m. What is the tens digit of j?
1
What is the hundreds digit of ((-50391)/198)/((-1)/28)?
1
Let z be -4*77/(-28) + (-6)/2. What is the hundreds digit of (14/z)/(2/344)?
3
Let p(k) = 5*k**2 + 6*k + 14. Suppose 11*l + 153 + 56 = 0. Let m be 100/(-14) - l/133. What is the units digit of p(m)?
7
Suppose 55*g - 70*g + 300 = 0. Suppose 0 = g*t - 25*t - 4*m + 1376, t = -4*m + 288. What is the tens digit of t?
7
Let v(l) = -l**2 - 17*l + 42. Let s be v(-19). Suppose 3*i + s*p = 976, -2*i + 4*p = 48 - 672. What is the hundreds digit of i?
3
Let j = -421 - -475. What is the hundreds digit of 49380/j + 44/(-99)?
9
Suppose 9 = 4*d - 3. Suppose 3*q + 5*o - 5 = 88, q - d*o = 31. What is the tens digit of q?
3
Suppose 3*h - 8*h + 10 = -4*m, m + 4 = 2*h. Suppose g - 2*i - 181 = -m*i, -5*i = -5*g + 910. What is the hundreds digit of g?
1
Let m(k) = 2*k**2. Let l be m(-1). Suppose -l*v = -0*v - 4. What is the units digit of 9*(v/8)/(15/20)?
3
Let p(j) = -16*j + 49. Let x(c) be the third derivative of -4*c**4/3 + 49*c**3/3 - 26*c**2. Let a(q) = 5*p(q) - 2*x(q). What is the tens digit of a(-11)?
2
Suppose -6*j - 1418 = -98. Let p = j - -1887. What is the hundreds digit of p?
6
Let k be (-279)/(-12) + 39/52. What is the hundreds digit of (-5)/30 + 2548/k?
1
What is the thousands digit of (-94)/517 - ((-52)/(-66))/((-2)/44421)?
7
Let q = -23 - -16. Let o be 18/(-27)*(q - -1). Suppose 2*b = -o + 6. What is the units digit of b?
1
Let q = 77 + -77. Suppose h + 48 + 144 = q. Let v = 320 + h. What is the hundreds digit of v?
1
Suppose 7*n - 317 = 4*n - k, 2*k = -2*n + 218. Suppose a = -5*w + 6, -3*w - 2*a = -a - 4. What is the tens digit of w - (3 + 7/((-28)/n))?
2
Let x(z) = -53*z**2 - 9*z - 20. Let w(j) be the first derivative of 6*j**3 + 3*j**2/2 + 7*j + 25. Let g(u) = -17*w(u) - 6*x(u). What is the tens digit of g(-1)?
1
Suppose 52*d - 87*d = -57*d + 642884. What is the tens digit of d?
2
Let a(z) = -z + 22. Suppose 89 - 1 = 4*n. Let j be a(n). What is the tens digit of (j - -15)/3 - -90?
9
Let v be 4 - (14 - 8) - (1 - 3). Suppose 4*y = -4*f - 24, 50 = -3*y + f + 4*f. What is the tens digit of (v/(-1) - -84)*(-5)/y?
4
Suppose 179*n + 40090 = 198*n. What is the units digit of n?
0
Let v(q) = 2201*q + 880. What is the ten thousands digit of v(5)?
1
Let u(b) = 32*b**2 - 53*b - 69. What is the hundreds digit of u(-6)?
4
Let y(j) = 277*j**3 + 25*j**2 + 72*j - 401. What is the hundreds digit of y(7)?
3
Let o = -82 + -135. Suppose -5*u = 5, w + 321 = 15*u - 14*u. Let x = o - w. What is the hundreds digit of x?
1
Suppose 4*b - 333 = 87. Suppose 4*w + 4*y - 16 = 0, y - 4 = -4*w + 12. Suppose -g + b = a - w*g, 2*a = -2*g + 202. What is the units digit of a?
2
Let v be ((-20)/(-8))/5 - 366/(-4). Let n(l) = -l**2 + 6*l - 6. Let b be n(4). Suppose -4*p - 3*q + 174 + 45 = 0, -b*p = -2*q - v. What is the units digit of p?
1
Let g(z) = 4*z - 32. Let f be g(15). Let o(c) = -64*c + 29*c - f*c**3 + c**2 + 3 + 0*c**2 + 38*c. What is the tens digit of o(-2)?
2
Let n(o) = 19*o**2 + 127*o + 319. What is the thousands digit of n(-34)?
7
Let o be (3 - 1) + -1 + 122. Let d(x) = x**2 - 4*x + 13. Let j be d(-13). Let b = j - o. What is the hundreds digit of b?
1
Let x(m) be the second derivative of -23*m**3/6 + 3*m**2 - m. Suppose 28 = -5*c - 3*v, -2*c + 2*v - 47 = -39. What is the tens digit of x(c)?
2
Let a be 14/3 - (-4)/(-6). Suppose -157*j = -29*j - 13018 + 1882. Suppose a*c - 193 = -5*d + 200, -d + 2*c = -j. What is the tens digit of d?
8
Let t(o) = -1342*o + 2991. What is the tens digit of t(-20)?
3
Let d(x) = -x**3 - 7*x**2 + 15*x - 40. Suppose 0 = 3*v - 4*a + 36, -2*v - 4*a - 44 = -20. What is the hundreds digit of d(v)?
5
Let i(q) = 1305*q**2 - 25. What is the tens digit of i(-3)?
2
Let a = 706 + -142. Suppose -65*r + 63*r - 12 = 0. What is the units digit of 1 - (1 + a/r)?
4
Let f(j) be the first derivative of -83*j**2/2 - 53*j + 94. What is the tens digit of f(-4)?
7
Suppose -2*u + 31 = 4*o - 23, 0 = 4*u + 2*o - 132. What is the units digit of (212/(-5))/((-119)/u + 3)?
6
Suppose 257770 = 28*y + 18594. What is the thousands digit of y?
8
What is the units digit of (-14)/2 + 1 + 22183 + 0?
7
Let z(w) = 7*w**2 - 38*w - 1405. What is the hundreds digit of z(-26)?
3
Let g = 16153 + -5372. What is the units digit of g?
1
Suppose 177*o + 28 = 176*o. Let l = 112 + o. What is the units digit of l?
4
Let y = -55 - -57. Let u be 10115/40 + y/16. Suppose -4*t - 115 - 32 = -3*g, 5*g - u = 4*t. What is the tens digit of g?
5
Suppose c - 3277 = -5*h + 3426, -2*c + 5*h + 13346 = 0. What is the tens digit of c?
8
Suppose 4*m = r + 3*r + 7924, 3*r = 5*m - 9907. What is the hundreds digit of m/4 - ((-90)/(-12) + -7)?
4
Suppose -8*k + 5*k = 66. What is the units digit of (-13270)/k + (-10)/55 - 1?
2
Let q(m) = 87*m - 29. Let c(y) = 58*y - 19. Let p(j) = 8*c(j) - 5*q(j). What is the hundreds digit of p(7)?
1
Suppose 0 = 16*j + 14*j - 202110. Suppose j = 7*w - 704. What is the thousands digit of w?
1
Let k(f) = 7*f**2 - 11*f**2 + 10*f**2 - 3 + 7*f - 4*f**3. Let n be k(-6). Suppose -8*s + n = -3*s. What is the hundreds digit of s?
2
Let i = -1229 - -3150. Suppose 23969 = 16*w + i. What is the tens digit of w?
7
Suppose t + 9 = 2, -4*y + 9871 = -5*t. What is the tens digit of y?
5
Let m = 848 - -511. Let i = -717 + m. What is the tens digit of i?
4
Let t be -4 + 1 - (-8 - -3). What is the tens digit of (13/t - 6)*164?
8
Let f(p) = 4*p**3 - 54*p**2 - 18*p - 76. What is the ten thousands digit of f(22)?
1
Suppose -47*w - 13203 = -398650. What is the thousands digit of w?
8
Let p = 1261 - 321. Suppose 0 = -28*l + p + 936. What is the units digit of l?
7
Suppose 0 = 5*r + 4*v - 405, 2*r = -3*v + 60 + 102. Let y = 83 - r. Let i = 123 - y. What is the tens digit of i?
2
Let q be (-2)/(-3) - (-685)/(-15). Let l(w) = 11*w - 9. Let b(h) = 243*h - 198. Let o(x) = q*l(x) + 2*b(x). What is the tens digit of o(-6)?
6
Let s(a) = -3*a**3 - 9*a**2 + a - 1. Let l(o) = 8*o**3 + 17*o**2 - o + 2. Let z(x) = 4*l(x) + 9*s(x). What is the units digit of z(6)?
1
Let m(u) = -13*u + 53. Let w = -147 + 142. Let h(k) = -2*k - 1. Let q(l) = w*h(l) - m(l). What is the hundreds digit of q(12)?
2
Let p(a) = 35*a**2 - 169*a - 756. What is the thousands digit of p(52)?
5
Suppose 78*y + 86 = 80*y + 3*h, 2*y + h - 86 = 0. Suppose -13120 = 33*o - y*o. What is the thousands digit of o?
1
Let u(l) = -l**2 - 6*l - 3. Let f be u(-5). Let z be 1 + 2*(-253)/f. What is the units digit of 18/(-45) + z/(-5)?
0
Suppose 5*c = 5*r - 25, 4*r - 3*c - 4 - 13 = 0. Suppose 720 = r*k - 4*z, -k + 5*z = -397 + 34. What is the units digit of k?
8
Let r = 15973 + -10585. What is the units digit of r?
8
Suppose -72*g + 82*g + 20 = 0. What is the units digit of 88600/60 - g/6?
7
Let z(t) = -t - 10. Let q be z(8). Let d(a) = 6*a**2 + 46*a + 32. What is the thousands digit of d(q)?
1
Let o be (3264/(-20))/((-9)/30). Let c be o/(-6) + 1/(-3). Let w = c - -174. Wh